 digit of 88264988?
6
What is the hundred millions digit of 293423507?
2
What is the tens digit of 56431898?
9
What is the millions digit of 418018416?
8
What is the hundred millions digit of 156312399?
1
What is the tens digit of 1783389745?
4
What is the hundreds digit of 191688692?
6
What is the ten millions digit of 73154695?
7
What is the millions digit of 75067344?
5
What is the hundreds digit of 234117774?
7
What is the millions digit of 29504554?
9
What is the millions digit of 45105424?
5
What is the thousands digit of 2905789128?
9
What is the hundreds digit of 677355266?
2
What is the thousands digit of 834024103?
4
What is the hundred millions digit of 2696085128?
6
What is the units digit of 3545333594?
4
What is the units digit of 930255258?
8
What is the ten thousands digit of 854618579?
1
What is the ten thousands digit of 147377812?
7
What is the millions digit of 8985613?
8
What is the ten thousands digit of 642530783?
3
What is the tens digit of 61948713?
1
What is the thousands digit of 337938958?
8
What is the units digit of 388179333?
3
What is the ten thousands digit of 514692520?
9
What is the ten thousands digit of 1534440986?
4
What is the ten millions digit of 5761832040?
6
What is the hundred thousands digit of 5295993474?
9
What is the thousands digit of 141115077?
5
What is the units digit of 1379722009?
9
What is the ten millions digit of 23014630?
2
What is the hundred millions digit of 803195411?
8
What is the tens digit of 27509516?
1
What is the thousands digit of 24140987?
0
What is the hundred thousands digit of 1101277599?
2
What is the millions digit of 3081502043?
1
What is the millions digit of 838006600?
8
What is the hundred millions digit of 247426664?
2
What is the ten thousands digit of 5620390?
2
What is the ten thousands digit of 97069368?
6
What is the tens digit of 1518783815?
1
What is the ten thousands digit of 23621024?
2
What is the thousands digit of 18499194?
9
What is the thousands digit of 1582981712?
1
What is the millions digit of 690910639?
0
What is the units digit of 1688769107?
7
What is the units digit of 1715031603?
3
What is the ten thousands digit of 288805709?
0
What is the hundreds digit of 2510563?
5
What is the hundred millions digit of 134735883?
1
What is the ten millions digit of 27959209?
2
What is the millions digit of 43926244?
3
What is the hundreds digit of 590532060?
0
What is the tens digit of 119523133?
3
What is the ten millions digit of 1341154230?
4
What is the tens digit of 39401285?
8
What is the hundred thousands digit of 2902505361?
5
What is the tens digit of 181122442?
4
What is the ten millions digit of 2009435904?
0
What is the thousands digit of 170889299?
9
What is the hundred millions digit of 2192760363?
1
What is the millions digit of 192706706?
2
What is the hundred millions digit of 923955143?
9
What is the ten thousands digit of 9112715?
1
What is the units digit of 101940292?
2
What is the ten thousands digit of 13936351?
3
What is the hundred thousands digit of 1023234787?
2
What is the ten millions digit of 1597093959?
9
What is the tens digit of 137433117?
1
What is the hundred millions digit of 179452770?
1
What is the units digit of 57549297?
7
What is the hundreds digit of 525902675?
6
What is the tens digit of 133856654?
5
What is the hundred thousands digit of 704239562?
2
What is the units digit of 265385235?
5
What is the tens digit of 1044297195?
9
What is the tens digit of 227566353?
5
What is the billions digit of 1311253077?
1
What is the tens digit of 154024711?
1
What is the ten millions digit of 171090799?
7
What is the hundreds digit of 223538240?
2
What is the tens digit of 223083455?
5
What is the hundreds digit of 3094564476?
4
What is the ten millions digit of 297403521?
9
What is the millions digit of 446710240?
6
What is the millions digit of 167482643?
7
What is the thousands digit of 1307220240?
0
What is the billions digit of 1473290729?
1
What is the thousands digit of 636737983?
7
What is the ten thousands digit of 1614455318?
5
What is the thousands digit of 148885200?
5
What is the hundred thousands digit of 787722816?
7
What is the thousands digit of 215788640?
8
What is the units digit of 1089736436?
6
What is the units digit of 983639898?
8
What is the hundred thousands digit of 49043938?
0
What is the ten thousands digit of 287011679?
1
What is the thousands digit of 25734889?
4
What is the hundreds digit of 618312470?
4
What is the thousands digit of 347384495?
4
What is the hundred thousands digit of 242529483?
5
What is the tens digit of 96706485?
8
What is the tens digit of 121207811?
1
What is the hundred millions digit of 575845576?
5
What is the hundreds digit of 342861975?
9
What is the hundred thousands digit of 45106345?
1
What is the hundreds digit of 374987548?
5
What is the millions digit of 2070406403?
0
What is the units digit of 246047?
7
What is the units digit of 805725821?
1
What is the hundred thousands digit of 82481773?
4
What is the tens digit of 20506728?
2
What is the millions digit of 193954139?
3
What is the thousands digit of 2190329616?
9
What is the hundred thousands digit of 392303595?
3
What is the hundreds digit of 317477327?
3
What is the ten millions digit of 76320652?
7
What is the units digit of 226773971?
1
What is the thousands digit of 711785?
1
What is the tens digit of 80923302?
0
What is the tens digit of 323603168?
6
What is the ten thousands digit of 87282468?
8
What is the billions digit of 2304359707?
2
What is the hundreds digit of 671398811?
8
What is the millions digit of 1889003778?
9
What is the hundred thousands digit of 879125496?
1
What is the millions digit of 806783002?
6
What is the tens digit of 52703530?
3
What is the hundred thousands digit of 173013516?
0
What is the thousands digit of 1939538597?
8
What is the billions digit of 2013533090?
2
What is the ten thousands digit of 87224319?
2
What is the ten millions digit of 26284090?
2
What is the thousands digit of 4519988?
9
What is the hundred thousands digit of 15647637?
6
What is the millions digit of 1933749380?
3
What is the units digit of 234324664?
4
What is the millions digit of 57444005?
7
What is the hundred thousands digit of 570123297?
1
What is the hundred thousands digit of 1018869754?
8
What is the millions digit of 91757583?
1
What is the hundred millions digit of 1333008283?
3
What is the ten thousands digit of 86868800?
6
What is the units digit of 681465330?
0
What is the thousands digit of 547366304?
6
What is the hundred thousands digit of 156661640?
6
What is the hundred thousands digit of 171143287?
1
What is the ten thousands digit of 890371582?
7
What is the ten thousands digit of 830500499?
0
What is the tens digit of 2620405109?
0
What is the hundred millions digit of 1901350579?
9
What is the hundred thousands digit of 21162841?
1
What is the hundred millions digit of 153733586?
1
What is the tens digit of 177468703?
0
What is the ten thousands digit of 105066868?
6
What is the millions digit of 96676399?
6
What is the tens digit of 526602680?
8
What is the tens digit of 460910356?
5
What is the ten thousands digit of 72930866?
3
What is the ten millions digit of 64253188?
6
What is the thousands digit of 517389358?
9
What is the ten millions digit of 201839429?
0
What is the ten thousands digit of 853090660?
9
What is the units digit of 68785773?
3
What is the ten millions digit of 1723347808?
2
What is the units digit of 964087155?
5
What is the units digit of 453092314?
4
What is the tens digit of 40039472?
7
What is the tens digit of 122271653?
5
What is the units digit of 429181539?
9
What is the tens digit of 41382446?
4
What is the units digit of 1939033361?
1
What is the units digit of 4815918500?
0
What is the ten millions digit of 2212676255?
1
What is the hundred millions digit of 5944698389?
9
What is the hundred millions digit of 1046363509?
0
What is the thousands digit of 41733869?
3
What is the thousands digit of 33253701?
3
What is the ten millions digit of 43770644?
4
What is the units digit of 4219093765?
5
What is the tens digit of 37535222?
2
What is the ten millions digit of 2557590875?
5
What is the hundred millions digit of 108878422?
1
What